44
Suppose 12*p - 176 + 68 = 0. Suppose 21 = b - 130. Let g = b + 2. Calculate the greatest common divisor of p and g.
9
Let p be (9 + (-306)/42)*(-42)/(-4). Let k(w) = 4*w**2 + 6*w + 8. Let o be k(-4). What is the greatest common divisor of o and p?
6
Let w = -94 + 94. Suppose -11*q + 12*q - 15 = w. Let d = 29 - 19. What is the highest common factor of q and d?
5
Let r = 12551 - 6647. Calculate the greatest common divisor of 288 and r.
144
Suppose 2207*c = 2209*c - 396. What is the highest common factor of c and 462?
66
Let c(v) = 13*v**3 - 26*v**2 + 59*v - 6. Let z be c(3). What is the greatest common factor of 2088 and z?
72
Suppose -5*i + 1 - 6 = -4*a, -2*a - i = -13. Let b = 98 - 96. Suppose 191 = 5*l - b*y - y, -5*y = -l + 25. Calculate the highest common divisor of l and a.
5
Suppose f = -3*d + 1442, 0 = -5*f + 8 - 13. Let s = 479 + d. What is the highest common divisor of s and 60?
60
Let u(o) = 10*o**2 - 3*o + 1. Let c be u(3). Let k = 78 - c. Let m(q) = 4*q**2 + 14*q. Let i be m(k). What is the highest common divisor of i and 8?
8
Suppose -34 = -5*t - 14. Suppose t*y - 148 = 2*y. Let p = -53 + y. Calculate the greatest common divisor of p and 147.
21
Let t be (-10203)/152 - 1/(-8). Let v(p) = -2*p**2 - p + 2. Let q be v(5). Let r = q - t. What is the greatest common factor of 154 and r?
14
Suppose -3*m + 6 = -12. Let y(b) = 2*b**2 - 8*b + 15. Let t be y(4). Let k be (84/(-10))/((-6)/t) + 3. What is the greatest common factor of m and k?
6
Let h = 40 + -10. Suppose 0 = 22*f - 20*f - 24. What is the greatest common divisor of h and f?
6
Let s(h) = -h**2 - 10*h - 18. Let m be s(-4). Let r be (5 - 15 - -6)*13/(-2). Calculate the highest common divisor of r and m.
2
Let u(o) = -2*o**2 - 179*o - 884. Let q be u(-82). What is the greatest common divisor of q and 40?
2
Suppose -16*y - 5*d + 1359 = 0, -5*d = -18 + 3. Calculate the greatest common divisor of 156 and y.
12
Let w = 451 + -431. Suppose -4 + 0 = -m. Let x be 216 - -6*m/6. Calculate the greatest common divisor of w and x.
20
Let m(r) = -r**3 - 3*r**2 + 17*r + 10. Let p be m(-6). Suppose k + 3*f = 32, -26*k + f = -25*k - p. Calculate the highest common divisor of 740 and k.
20
Suppose -5*n = 2*d - 180, -5*n - 18*d + 23*d + 180 = 0. What is the greatest common divisor of n and 15426?
18
Let t(i) = -110*i + 2034. Let w be t(18). Calculate the greatest common factor of 1593 and w.
27
Let m(v) = -v**2 + 15*v + 182. Let c be m(-17). Let j = c + 436. What is the highest common factor of 259 and j?
37
Let c(v) = -6*v**2 + 4*v - 22. Let g be c(-7). Let i = g - -366. Calculate the highest common divisor of i and 88.
22
Let n(k) = -7*k**3 + 3*k**2 + 4*k + 3. Let f be n(-1). What is the greatest common divisor of 1080 and f?
9
Suppose -3175 = -28*w - 889 + 10566. What is the greatest common factor of w and 255?
51
Suppose 4*l + 468 = 4*i - i, 4*i = -2*l - 234. Let b be (-2)/(-13) - 3726/l. Calculate the highest common factor of b and 288.
32
Let l = -85 - 46. Let k = l - -218. Suppose -17*b + 43 = -943. Calculate the highest common divisor of b and k.
29
Suppose 26*n - 11583 = -7*n. Suppose -34*d - 585 = -49*d. Calculate the greatest common factor of d and n.
39
Let c be 1406/(((-4)/(-888))/((-36)/(-432))). Calculate the highest common divisor of c and 38.
19
Suppose 199*s - 460*s - 45444 + 274080 = 0. Calculate the highest common divisor of s and 492.
12
Let r(d) = -9*d + 690. Let y be r(38). Calculate the greatest common divisor of 1160 and y.
116
Let i(r) be the third derivative of 7*r**4/24 + 65*r**3/2 - 12*r**2 - 3. Let a be i(-27). Calculate the highest common factor of 87 and a.
3
Let i = 775 + -745. Let m be ((-34)/(-85))/((-2)/i) - -30. Calculate the highest common divisor of 156 and m.
12
Let a be ((-6)/(-3) + -2)*4/8. Suppose -920 = -5*u + 5*g, -5*u + 2*g = -a*u - 920. Calculate the greatest common divisor of 23 and u.
23
Let n(s) = -3*s + 15. Let j(k) = 1. Let f(d) = 66*j(d) - 2*n(d). Let x be f(-5). Calculate the highest common divisor of x and 66.
6
Suppose 7*i = 8*i - 5*f - 9, 3*i + 5*f = 7. Suppose k + 3*v - 15 = 4*v, -5*k + i*v + 75 = 0. Let s = -32 - -47. What is the highest common divisor of k and s?
15
Let j(y) be the first derivative of 5*y**2/2 + 108*y - 56. Let g be j(-18). What is the highest common divisor of g and 126?
18
Suppose 7*b - 6*b = -k + 7, -4*k - 2*b + 26 = 0. Suppose 0 = k*q - 115 + 19. Let m = -7 + 23. Calculate the highest common divisor of m and q.
16
Let p be (-12 + 8)*1/(-2). Let w(b) = -3*b**3 + 12*b**p + 4*b**3 + 17 + 13 - 2*b**3 + 13*b. Let f be w(13). Calculate the greatest common divisor of f and 90.
30
Suppose -23 + 105 = m. Suppose m*i - 24 = 78*i. Let y be -6*3/24*-4. What is the highest common factor of i and y?
3
Let q = -8293 - -8453. Calculate the highest common divisor of 1020 and q.
20
Suppose 50*f = 46*f + 1116. Suppose 333 = 17*a - f. What is the highest common factor of 90 and a?
18
Suppose 2*y - 10 = 2*z, z - 5 = -5*y + 2*z. Suppose -3 = 3*j, 5*j = -2*d - y*j + 71. Calculate the greatest common divisor of 266 and d.
38
Suppose -12*b + 5*l + 3 = -16*b, 3*b + l = 6. Calculate the highest common divisor of b and 417.
3
Suppose 1 = f - 31. Suppose 3875*l + 73216 = 4161*l. What is the greatest common factor of l and f?
32
Let k be (-23 + -1)/((82/287)/(43/(-7))). What is the highest common factor of 2150 and k?
86
Let r be (3 + -5)/(-5 + 5154/1032). Suppose -2*c + c - r = -5*o, 5*o - 342 = 3*c. What is the greatest common factor of o and 3?
3
Let t be 14/4*(-12)/(-2). Let m(k) = 8157*k - 24456. Let p be m(3). What is the greatest common factor of p and t?
3
Suppose 362*r = 356*r + 1986. Let s = 338 - r. Suppose 3*i = 2*i + 35. What is the highest common divisor of i and s?
7
Let o = 9238 + -9196. What is the greatest common factor of o and 3584?
14
Suppose 5*c - x + 243 = 0, -2*c - 3*c - 5*x = 225. Let o be (2/4)/((30/c)/(-5)). Let j be 1/((-2)/(-34)) - 1. Calculate the greatest common divisor of j and o.
4
Let r(a) = 4*a**3 - 49*a**2 + 22*a + 120. Let i be r(14). Calculate the highest common factor of 480 and i.
120
Suppose 4*a - 2*l = a + 1550, -4*a + l = -2065. What is the greatest common factor of 36 and a?
12
Let l be (-272)/4*(-26)/8. Let i = 239 + -236. Suppose i*g + 0*g = 39. Calculate the highest common divisor of l and g.
13
Let y be (-1000)/(-36) - 20/(-90). Let z be ((-483)/y)/(6/(-176)). What is the greatest common divisor of z and 46?
46
Let k = -6014 + 6287. Calculate the greatest common divisor of 105 and k.
21
Suppose 83 + 45 = 2*u. Let a(y) = -y**3 - 8*y**2 - 3*y + 8. Let b = -301 + 293. Let g be a(b). What is the greatest common factor of g and u?
32
Let v = -6969 - -8462. Calculate the highest common divisor of 1 and v.
1
Suppose 0 = -6*p - 180 + 444. Suppose 3*k - 5*s = p, -4 = -s + 2*s. Let r = -75 - -111. What is the highest common divisor of k and r?
4
Suppose 6 = j + 5*p - 0, -p = 5*j - 78. Calculate the highest common factor of 32 and j.
16
Suppose 4*j + 3*a = 63, -379*j + 381*j = -5*a + 7. Calculate the greatest common factor of j and 10563.
21
Let d be 39/15 + -3 - (-1386)/(-35). Let q = -216 + 322. Let n = d + q. What is the greatest common factor of 165 and n?
33
Let b = -1458 + 2041. Suppose -3*o + 6*u = 7*u - 156, -5*o + 271 = -2*u. Calculate the greatest common divisor of b and o.
53
Suppose h - 19 - 189 = 0. Let q = 229 - h. Suppose 0 = 5*a - 20, 0 = -3*m + a + 3*a - 7. Calculate the greatest common divisor of m and q.
3
Let m = -64 + 46. Let z = 10 - m. Let t = -541 - -555. Calculate the highest common divisor of t and z.
14
Let h be (0 - 4 - -2)*-14*(-1)/(-7). Calculate the greatest common factor of h and 172.
4
Suppose 7608 + 10277 = 13*p + 22*p. What is the highest common divisor of 28 and p?
7
Let k(u) = -822*u + 367. Let g be k(-20). What is the greatest common factor of g and 49?
49
Suppose 127 = 8*f - 193. Suppose -4*q = -3*p, 4*p - 10 = -5*q + 21. Let u be (-7)/14 + 22/p. What is the highest common divisor of f and u?
5
Let c = -65 - -135. Let y = -64 - -94. What is the highest common factor of c and y?
10
Let h(g) = -g**3 - 2*g**2 - 2*g - 12. Let l be h(-6). Let x = -137 + l. What is the highest common factor of x and 7?
7
Suppose 12*j = 32 + 16. Suppose -j*x + 14 = -490. What is the highest